{"id":137,"date":"2017-06-25T04:41:10","date_gmt":"2017-06-25T04:41:10","guid":{"rendered":"http:\/\/remunomex.uas.edu.mx\/?page_id=137"},"modified":"2019-01-03T21:59:08","modified_gmt":"2019-01-03T21:59:08","slug":"museo-enrique-w-sanchez","status":"publish","type":"page","link":"http:\/\/remunomex.uas.edu.mx\/index.php\/museo-enrique-w-sanchez\/","title":{"rendered":"MUSEO PROFR. ENRIQUE W. SANCHEZ"},"content":{"rendered":"\n\t\t<!-- MasterSlider -->\n\t\t<div id=\"P_MS69f7606c3aa47\" class=\"master-slider-parent msl ms-parent-id-19\" style=\"max-width:945px;\">\n\n\t\t\t\n\t\t\t<!-- MasterSlider Main -->\n\t\t\t<div id=\"MS69f7606c3aa47\" class=\"master-slider ms-skin-light-6 round-skin\" >\n\t\t\t\t \t\t\t\t \n\t\t\t\t<div  class=\"ms-slide\" data-delay=\"3\" data-fill-mode=\"fill\"  >\n\t\t\t\t\t<img src=\"http:\/\/remunomex.uas.edu.mx\/wp-content\/plugins\/master-slider\/public\/assets\/css\/blank.gif\" alt=\"\" title=\"\" data-src=\"http:\/\/remunomex.uas.edu.mx\/wp-content\/uploads\/2017\/08\/MUSEO-ENRIQUE-W.-SANCHEZ-1.jpg\" \/>\n\n\n\t<div class=\"ms-thumb\" ><div class=\"ms-tab-context\"><div class=&quot;ms-tab-context&quot;><\/div><\/div>\n<\/div>\n\t\t\t\t<\/div>\n\t\t\t\t<div  class=\"ms-slide\" data-delay=\"3\" data-fill-mode=\"fill\"  >\n\t\t\t\t\t<img src=\"http:\/\/remunomex.uas.edu.mx\/wp-content\/plugins\/master-slider\/public\/assets\/css\/blank.gif\" alt=\"\" title=\"\" data-src=\"http:\/\/remunomex.uas.edu.mx\/wp-content\/uploads\/2017\/08\/MUSEO-ENRIQUE-W.-SANCHEZ-2.jpg\" \/>\n\n\n\t<div class=\"ms-thumb\" ><div class=\"ms-tab-context\"><div class=&quot;ms-tab-context&quot;><\/div><\/div>\n<\/div>\n\t\t\t\t<\/div>\n\t\t\t\t<div  class=\"ms-slide\" data-delay=\"3\" data-fill-mode=\"fill\"  >\n\t\t\t\t\t<img src=\"http:\/\/remunomex.uas.edu.mx\/wp-content\/plugins\/master-slider\/public\/assets\/css\/blank.gif\" alt=\"\" title=\"\" data-src=\"http:\/\/remunomex.uas.edu.mx\/wp-content\/uploads\/2017\/08\/MUSEO-ENRIQUE-W.-SANCHEZ-4.jpg\" \/>\n\n\n\t<div class=\"ms-thumb\" ><div class=\"ms-tab-context\"><div class=&quot;ms-tab-context&quot;><\/div><\/div>\n<\/div>\n\t\t\t\t<\/div>\n\t\t\t\t<div  class=\"ms-slide\" data-delay=\"3\" data-fill-mode=\"fill\"  >\n\t\t\t\t\t<img src=\"http:\/\/remunomex.uas.edu.mx\/wp-content\/plugins\/master-slider\/public\/assets\/css\/blank.gif\" alt=\"\" title=\"\" data-src=\"http:\/\/remunomex.uas.edu.mx\/wp-content\/uploads\/2017\/08\/MUSEO-ENRIQUE-W.-SANCHEZ-3.jpg\" \/>\n\n\n\t<div class=\"ms-thumb\" ><div class=\"ms-tab-context\"><div class=&quot;ms-tab-context&quot;><\/div><\/div>\n<\/div>\n\t\t\t\t<\/div>\n\n\t\t\t<\/div>\n\t\t\t<!-- END MasterSlider Main -->\n\n\t\t\t \n\t\t<\/div>\n\t\t<!-- END MasterSlider -->\n\n\t\t<script>\n\t\t(function ( $ ) {\n\t\t\t\"use strict\";\n\n\t\t\t$(function () {\n\t\t\t\tvar masterslider_aa47 = new MasterSlider();\n\n\t\t\t\t\/\/ slider controls\n\t\t\t\tmasterslider_aa47.control('arrows'     ,{ autohide:true, overVideo:true  });\t\t\t\tmasterslider_aa47.control('bullets'    ,{ autohide:false, overVideo:true, dir:'h', align:'bottom' , margin:10  });\n\n\t\t\t\tmasterslider_aa47.control('scrollbar'  ,{ autohide:true, overVideo:true, dir:'h', inset:true, align:'top', color:'#404040' , margin:10  , width:4 });\n\t\t\t\t\/\/ slider setup\n\t\t\t\tmasterslider_aa47.setup(\"MS69f7606c3aa47\", {\n\t\t\t\t\t\twidth           : 800,\n\t\t\t\t\t\theight          : 480,\n\t\t\t\t\t\tminHeight       : 0,\n\t\t\t\t\t\tspace           : 0,\n\t\t\t\t\t\tstart           : 1,\n\t\t\t\t\t\tgrabCursor      : true,\n\t\t\t\t\t\tswipe           : true,\n\t\t\t\t\t\tmouse           : true,\n\t\t\t\t\t\tlayout          : \"boxed\",\n\t\t\t\t\t\twheel           : false,\n\t\t\t\t\t\tautoplay        : false,\n\t\t\t\t\t\tinstantStartLayers:false,\n\t\t\t\t\t\tloop            : false,\n\t\t\t\t\t\tshuffle         : false,\n\t\t\t\t\t\tpreload         : 0,\n\t\t\t\t\t\theightLimit     : true,\n\t\t\t\t\t\tautoHeight      : false,\n\t\t\t\t\t\tsmoothHeight    : true,\n\t\t\t\t\t\tendPause        : false,\n\t\t\t\t\t\toverPause       : true,\n\t\t\t\t\t\tfillMode        : \"fill\",\n\t\t\t\t\t\tcenterControls  : false,\n\t\t\t\t\t\tstartOnAppear   : false,\n\t\t\t\t\t\tlayersMode      : \"center\",\n\t\t\t\t\t\thideLayers      : false,\n\t\t\t\t\t\tfullscreenMargin: 0,\n\t\t\t\t\t\tspeed           : 20,\n\t\t\t\t\t\tdir             : \"h\",\n\t\t\t\t\t\tparallaxMode    : 'swipe',\n\t\t\t\t\t\tview            : \"basic\"\n\t\t\t\t});\n\n\t\t\t\t\n\t\t\t\twindow.masterslider_instances = window.masterslider_instances || [];\n\t\t\t\twindow.masterslider_instances.push( masterslider_aa47 );\n\t\t\t });\n\n\t\t})(jQuery);\n\t\t<\/script>\n\n\n<hr \/>\n<div><strong>Direcci\u00f3n<\/strong><br \/>\nAv. Soledad \u00c1lvarez S\/n<br \/>\nCol. San Diego, C.P. 34456<br \/>\nCanatl\u00e1n, Durango<\/div>\n<p><iframe loading=\"lazy\" style=\"border: 0;\" src=\"https:\/\/www.google.com\/maps\/embed?pb=!1m18!1m12!1m3!1d907.4748786145522!2d-104.77873917080234!3d24.52355921913811!2m3!1f0!2f0!3f0!3m2!1i1024!2i768!4f13.1!3m3!1m2!1s0x0%3A0x0!2zMjTCsDMxJzI0LjgiTiAxMDTCsDQ2JzQxLjUiVw!5e0!3m2!1ses!2sus!4v1502260063840\" width=\"350\" height=\"300\" frameborder=\"0\" allowfullscreen=\"allowfullscreen\"><\/iframe><br \/>\n<strong>Informaci\u00f3n de la direcci\u00f3n del museo<\/strong><\/p>\n<p><img loading=\"lazy\" class=\"\" src=\"http:\/\/mexicolindoyquerido.com.mx\/mexico2\/images\/IMAGENES_PARA_TEMPLATE\/pueblos_tipicos_de_mexico\/P08_canatlan_durango.png\" alt=\"Resultado de imagen para canatlan durango\" width=\"234\" height=\"173\" \/>\u00a0<img loading=\"lazy\" class=\"\" src=\"https:\/\/vivalanoticia.com\/wp-content\/uploads\/2018\/03\/durango.jpg\" alt=\"Imagen relacionada\" width=\"229\" height=\"172\" \/>\u00a0<img loading=\"lazy\" class=\"\" src=\"https:\/\/www.elsiglodedurango.com.mx\/m\/i\/2017\/04\/582861.jpeg\" alt=\"Imagen relacionada\" width=\"190\" height=\"172\" \/><\/p>\n<div style=\"text-align: justify;\">Se divide en 156 localidades, de las cuales las m\u00e1s importantes son: Canatl\u00e1n, J. Guadalupe Aguilera (Santa Luc\u00eda), Venustiano Carranza Garza, Ricardo F. Magon, Donato Guerra, Nicol\u00e1s Bravo, San Jos\u00e9 de Gracia, Maymorita, Las Delicias, colonia anahuac. Venustiano Carranza es uno de los m\u00e1s importantes por su ganader\u00eda y sus grandes cosechas de frijol. En la zona sierra al poniente del municipio se encuentran los poblados Marquezotes de Guadalupe y El Rayo La Plazuela, pertenecientes a ejidos con actividad diversa, como lo son, agricultura, ganader\u00eda y explotaci\u00f3n forestal, lo que los hace un \u00e1rea natural importante en el municipio, con gran diversidad de flora y fauna.<\/div>\n<p>&nbsp;<\/p>\n<div><strong>Tel\u00e9fono<\/strong>: (677) 872-13-62 y (677) 106-88-79<\/div>\n<p>&nbsp;<\/p>\n<div><strong>Horario<\/strong><\/div>\n<div>Lunes a Viernes de 9 a.m. a 3 p.m.<\/div>\n<p>&nbsp;<\/p>\n<div><strong>Datos generales<\/strong><br \/>\nBreve descripci\u00f3n del museo:<br \/>\nUn grupo de maestros, Comerciantes, empleados municipales y sociedad civil, encabezados por el Profr. Gabino Rutiaga Fierro, se reunieron para formar una asociaci\u00f3n civil, cuyo objetivo fue el de rescatar los vestigios culturales del municipio de Canatl\u00e1n, Durango. Logrando conformar un comit\u00e9 que se encargara de hacer los tr\u00e1mites ante la Secretar\u00eda de Hacienda y Cr\u00e9dito P\u00fablico logrando conformar una Asociaci\u00f3n cuyo t\u00edtulo es Valores Culturales Canatlenses A.C. el d\u00eda 24 de julio del mismo a\u00f1o.<br \/>\nCon el poder que se le confiri\u00f3 al comit\u00e9 se pone a consideraci\u00f3n de la asamblea el primer objetivo relacionado a la conformaci\u00f3n de un Museo, para rescatar la historia del Pueblo de Canatl\u00e1n y sus alrededores, convocando a las personas que viven en el Barrio de los Treinta Viejos para que hicieran la aportaci\u00f3n de los objetos de los indios ACAXES que hab\u00edan vivido en esta regi\u00f3n, hubimos de rescatar un buen n\u00famero de objetos de barro y piedra, tales como: jarros, puntas de flecha, hachas, etc. As\u00ed como como algunos libros antiguos y otros objetos posteriores a la conquista de esta comunidad.<br \/>\nPosteriormente y con el paso de los a\u00f1os se han estado recibiendo objetos usados en el hogar y que reflejan la historia de objetiva de nuestro municipio.<\/div>\n<p>&nbsp;<\/p>\n<div><strong>Salas de exhibici\u00f3n<br \/>\n<\/strong>Cuenta con una sala permanente.<br \/>\nSe cuenta con piezas arqueol\u00f3gicas tales como puntas de flecha, morteros, metates g\u00fcilanches, hachas, alfarer\u00eda variada del tipo Chalchihuite ya que en este lugar hubo asentamientos humanos ind\u00edgenas. As\u00ed como objetos antiguos utilizados por la comunidad Canatlense<br \/>\nExposiciones temporales al a\u00f1o: 6 de un contenido tem\u00e1tico de pintura, escultura, labores manuales, artesan\u00edas.<\/div>\n<p>&nbsp;<\/p>\n<div><strong>Fecha de fundaci\u00f3n<\/strong><br \/>\n17 de febrero de 2000.<\/p>\n<div><strong>Redes Sociales<\/strong><\/div>\n<div>Correo electr\u00f3nico:\u00a0claudiaderetana@hotmail.com<\/div>\n<hr \/>\n<h3 style=\"text-align: center;\">Responsable del Museo<\/h3>\n<div style=\"text-align: center;\">Margarita Retana Garcia<\/div>\n<\/div>\n","protected":false},"excerpt":{"rendered":"<p>Direcci\u00f3n Av. Soledad \u00c1lvarez S\/n Col. San Diego, C.P. 34456 Canatl\u00e1n, Durango Informaci\u00f3n de la direcci\u00f3n del museo \u00a0\u00a0 Se<\/p>\n","protected":false},"author":1,"featured_media":0,"parent":0,"menu_order":0,"comment_status":"closed","ping_status":"closed","template":"","meta":[],"_links":{"self":[{"href":"http:\/\/remunomex.uas.edu.mx\/index.php\/wp-json\/wp\/v2\/pages\/137"}],"collection":[{"href":"http:\/\/remunomex.uas.edu.mx\/index.php\/wp-json\/wp\/v2\/pages"}],"about":[{"href":"http:\/\/remunomex.uas.edu.mx\/index.php\/wp-json\/wp\/v2\/types\/page"}],"author":[{"embeddable":true,"href":"http:\/\/remunomex.uas.edu.mx\/index.php\/wp-json\/wp\/v2\/users\/1"}],"replies":[{"embeddable":true,"href":"http:\/\/remunomex.uas.edu.mx\/index.php\/wp-json\/wp\/v2\/comments?post=137"}],"version-history":[{"count":7,"href":"http:\/\/remunomex.uas.edu.mx\/index.php\/wp-json\/wp\/v2\/pages\/137\/revisions"}],"predecessor-version":[{"id":1344,"href":"http:\/\/remunomex.uas.edu.mx\/index.php\/wp-json\/wp\/v2\/pages\/137\/revisions\/1344"}],"wp:attachment":[{"href":"http:\/\/remunomex.uas.edu.mx\/index.php\/wp-json\/wp\/v2\/media?parent=137"}],"curies":[{"name":"wp","href":"https:\/\/api.w.org\/{rel}","templated":true}]}}