{"id":142,"date":"2017-06-25T04:42:06","date_gmt":"2017-06-25T04:42:06","guid":{"rendered":"http:\/\/remunomex.uas.edu.mx\/?page_id=142"},"modified":"2019-01-03T19:15:50","modified_gmt":"2019-01-03T19:15:50","slug":"museo-casa-del-gral-calixto-contreras","status":"publish","type":"page","link":"http:\/\/remunomex.uas.edu.mx\/index.php\/museo-casa-del-gral-calixto-contreras\/","title":{"rendered":"MUSEO CASA DEL GRAL. CALIXTO CONTRERAS"},"content":{"rendered":"<div>\n<hr \/>\n<\/div>\n<div><strong>Direcci\u00f3n<\/strong><br \/>\nDomicilio conocido<br \/>\nC.P. 35805<br \/>\nSan Pedro De Ocuila, Cuencam\u00e9, Durango<\/div>\n<p><iframe loading=\"lazy\" style=\"border: 0;\" src=\"https:\/\/www.google.com\/maps\/embed?pb=!1m18!1m12!1m3!1d20477.41776811619!2d-103.70524952323008!3d24.866232020125473!2m3!1f0!2f0!3f0!3m2!1i1024!2i768!4f13.1!3m3!1m2!1s0x869aafba3a59dcab%3A0xac5bc6d5256cac1b!2sCuencam%C3%A9%2C+Durango!5e0!3m2!1ses-419!2smx!4v1502256829880\" width=\"350\" height=\"300\" frameborder=\"0\" allowfullscreen=\"allowfullscreen\"><\/iframe><\/p>\n<p><strong>Informaci\u00f3n de la direcci\u00f3n del museo<\/strong><\/p>\n<p><img loading=\"lazy\" class=\"\" src=\"http:\/\/durangopress.com\/wp-content\/uploads\/2018\/02\/Cuencame.jpeg\" alt=\"Resultado de imagen para cuencame durango\" width=\"249\" height=\"166\" \/>\u00a0<img loading=\"lazy\" class=\"\" src=\"https:\/\/www.mexicoenfotos.com\/MX12346741742799.jpg\" alt=\"Imagen relacionada\" width=\"223\" height=\"167\" \/>\u00a0<img loading=\"lazy\" class=\"\" src=\"https:\/\/www.mexicoenfotos.com\/MX12346739223736.jpg\" alt=\"Resultado de imagen para cuencame durango\" width=\"220\" height=\"165\" \/><\/p>\n<div style=\"text-align: justify;\">Originalmente este pueblo lo llamaban Concuem\u00ed. La palabra \u00abCuencam\u00e9\u00bb, en su aceptaci\u00f3n original en n\u00e1huatl, significa: \u00abLas Tierras Labradas\u00bb o \u00abLas Tierras de Cultivo\u00bb. Cuencam\u00e9 de Ceniceros es una ciudad del estado mexicano de Durango, es cabecera del Municipio de Cuencam\u00e9 y est\u00e1 localizada en el centro-este del estado, dentro de la Comarca Lagunera. Cuencam\u00e9 o Concueme es, hasta la fecha, punto de concurrencia de diferentes corrientes poblacionales. En la etapa precortesiana coincid\u00edan ah\u00ed los zacatecos, tepehuanos y laguneros. Se trata de \u00abun valle muy espacioso y muy ancho coronado de hermosos montes\u00bb, seg\u00fan el decir de su propio fundador, el padre Jer\u00f3nimo Ram\u00edrez, misionero jesuita que lleg\u00f3 al lugar en agosto de 1594.<\/div>\n<p>&nbsp;<\/p>\n<div><strong>Tel\u00e9fono<\/strong>:\u00a0(671) 107-32-47<\/div>\n<p>&nbsp;<\/p>\n<div><strong>Datos generales<\/strong><br \/>\nExhiben objetos alusivos a la Revoluci\u00f3n Mexicana.<\/p>\n<ul>\n<li>Fotograf\u00edas.<\/li>\n<li>Vestuario de la \u00e9poca.<\/li>\n<li>Documentos.<\/li>\n<li>Enceres de la casa del Gral. Calixto Contreras.<\/li>\n<li>Aperos antiguos de labranza.<\/li>\n<\/ul>\n<p>Rinc\u00f3n de lectura.<\/p>\n<\/div>\n<p>&nbsp;<\/p>\n<div><strong>Fecha de fundaci\u00f3n<\/strong><br \/>\n1 de Enero de 2015.<\/p>\n<div><strong>Redes Sociales<\/strong><\/div>\n<div>Correo electr\u00f3nico:\u00a0anacleto_hdez56@hotmail.com<\/div>\n<hr \/>\n<h3 style=\"text-align: center;\">Responsable del Museo<\/h3>\n<div style=\"text-align: center;\">Anacleto Hern\u00e1ndez Hern\u00e1ndez<\/div>\n<\/div>\n","protected":false},"excerpt":{"rendered":"<p>Direcci\u00f3n Domicilio conocido C.P. 35805 San Pedro De Ocuila, Cuencam\u00e9, Durango Informaci\u00f3n de la direcci\u00f3n del museo \u00a0\u00a0 Originalmente este<\/p>\n","protected":false},"author":1,"featured_media":0,"parent":0,"menu_order":0,"comment_status":"closed","ping_status":"closed","template":"","meta":[],"_links":{"self":[{"href":"http:\/\/remunomex.uas.edu.mx\/index.php\/wp-json\/wp\/v2\/pages\/142"}],"collection":[{"href":"http:\/\/remunomex.uas.edu.mx\/index.php\/wp-json\/wp\/v2\/pages"}],"about":[{"href":"http:\/\/remunomex.uas.edu.mx\/index.php\/wp-json\/wp\/v2\/types\/page"}],"author":[{"embeddable":true,"href":"http:\/\/remunomex.uas.edu.mx\/index.php\/wp-json\/wp\/v2\/users\/1"}],"replies":[{"embeddable":true,"href":"http:\/\/remunomex.uas.edu.mx\/index.php\/wp-json\/wp\/v2\/comments?post=142"}],"version-history":[{"count":6,"href":"http:\/\/remunomex.uas.edu.mx\/index.php\/wp-json\/wp\/v2\/pages\/142\/revisions"}],"predecessor-version":[{"id":1302,"href":"http:\/\/remunomex.uas.edu.mx\/index.php\/wp-json\/wp\/v2\/pages\/142\/revisions\/1302"}],"wp:attachment":[{"href":"http:\/\/remunomex.uas.edu.mx\/index.php\/wp-json\/wp\/v2\/media?parent=142"}],"curies":[{"name":"wp","href":"https:\/\/api.w.org\/{rel}","templated":true}]}}

<div>
<hr />
</div>
<div><strong>Dirección</strong><br />
Domicilio conocido<br />
C.P. 35805<br />
San Pedro De Ocuila, Cuencamé, Durango</div>
<p><iframe loading="lazy" style="border: 0;" src="https://www.google.com/maps/embed?pb=!1m18!1m12!1m3!1d20477.41776811619!2d-103.70524952323008!3d24.866232020125473!2m3!1f0!2f0!3f0!3m2!1i1024!2i768!4f13.1!3m3!1m2!1s0x869aafba3a59dcab%3A0xac5bc6d5256cac1b!2sCuencam%C3%A9%2C+Durango!5e0!3m2!1ses-419!2smx!4v1502256829880" width="350" height="300" frameborder="0" allowfullscreen="allowfullscreen"></iframe></p>
<p><strong>Información de la dirección del museo</strong></p>
<p><img loading="lazy" class="" src="http://durangopress.com/wp-content/uploads/2018/02/Cuencame.jpeg" alt="Resultado de imagen para cuencame durango" width="249" height="166" /> <img loading="lazy" class="" src="https://www.mexicoenfotos.com/MX12346741742799.jpg" alt="Imagen relacionada" width="223" height="167" /> <img loading="lazy" class="" src="https://www.mexicoenfotos.com/MX12346739223736.jpg" alt="Resultado de imagen para cuencame durango" width="220" height="165" /></p>
<div style="text-align: justify;">Originalmente este pueblo lo llamaban Concuemí. La palabra «Cuencamé», en su aceptación original en náhuatl, significa: «Las Tierras Labradas» o «Las Tierras de Cultivo». Cuencamé de Ceniceros es una ciudad del estado mexicano de Durango, es cabecera del Municipio de Cuencamé y está localizada en el centro-este del estado, dentro de la Comarca Lagunera. Cuencamé o Concueme es, hasta la fecha, punto de concurrencia de diferentes corrientes poblacionales. En la etapa precortesiana coincidían ahí los zacatecos, tepehuanos y laguneros. Se trata de «un valle muy espacioso y muy ancho coronado de hermosos montes», según el decir de su propio fundador, el padre Jerónimo Ramírez, misionero jesuita que llegó al lugar en agosto de 1594.</div>
<p>&nbsp;</p>
<div><strong>Teléfono</strong>: (671) 107-32-47</div>
<p>&nbsp;</p>
<div><strong>Datos generales</strong><br />
Exhiben objetos alusivos a la Revolución Mexicana.</p>
<ul>
<li>Fotografías.</li>
<li>Vestuario de la época.</li>
<li>Documentos.</li>
<li>Enceres de la casa del Gral. Calixto Contreras.</li>
<li>Aperos antiguos de labranza.</li>
</ul>
<p>Rincón de lectura.</p>
</div>
<p>&nbsp;</p>
<div><strong>Fecha de fundación</strong><br />
1 de Enero de 2015.</p>
<div><strong>Redes Sociales</strong></div>
<div>Correo electrónico: anacleto_hdez56@hotmail.com</div>
<hr />
<h3 style="text-align: center;">Responsable del Museo</h3>
<div style="text-align: center;">Anacleto Hernández Hernández</div>
</div>

<p>Dirección Domicilio conocido C.P. 35805 San Pedro De Ocuila, Cuencamé, Durango Información de la dirección del museo    Originalmente este</p>
