{"id":154,"date":"2017-06-25T04:53:48","date_gmt":"2017-06-25T04:53:48","guid":{"rendered":"http:\/\/remunomex.uas.edu.mx\/?page_id=154"},"modified":"2019-01-02T21:59:25","modified_gmt":"2019-01-02T21:59:25","slug":"museo-aldama","status":"publish","type":"page","link":"http:\/\/remunomex.uas.edu.mx\/index.php\/museo-aldama\/","title":{"rendered":"MUSEO ALDAMA"},"content":{"rendered":"\n\t\t<!-- MasterSlider -->\n\t\t<div id=\"P_MS69f1885418f52\" class=\"master-slider-parent msl ms-parent-id-6\" style=\"max-width:945px;\">\n\n\t\t\t\n\t\t\t<!-- MasterSlider Main -->\n\t\t\t<div id=\"MS69f1885418f52\" class=\"master-slider ms-skin-light-6 round-skin\" >\n\t\t\t\t \t\t\t\t \n\t\t\t\t<div  class=\"ms-slide\" data-delay=\"3\" data-fill-mode=\"fill\"  >\n\t\t\t\t\t<img src=\"http:\/\/remunomex.uas.edu.mx\/wp-content\/plugins\/master-slider\/public\/assets\/css\/blank.gif\" alt=\"\" title=\"\" data-src=\"http:\/\/remunomex.uas.edu.mx\/wp-content\/uploads\/2017\/08\/Museo-Historico-Aldama-1.jpg\" \/>\n\n\n\t<div class=\"ms-thumb\" ><div class=\"ms-tab-context\"><div class=&quot;ms-tab-context&quot;><\/div><\/div>\n<\/div>\n\t\t\t\t<\/div>\n\t\t\t\t<div  class=\"ms-slide\" data-delay=\"3\" data-fill-mode=\"fill\"  >\n\t\t\t\t\t<img src=\"http:\/\/remunomex.uas.edu.mx\/wp-content\/plugins\/master-slider\/public\/assets\/css\/blank.gif\" alt=\"\" title=\"\" data-src=\"http:\/\/remunomex.uas.edu.mx\/wp-content\/uploads\/2017\/08\/Museo-Historico-Aldama-3.jpg\" \/>\n\n\n\t<div class=\"ms-thumb\" ><div class=\"ms-tab-context\"><div class=&quot;ms-tab-context&quot;><\/div><\/div>\n<\/div>\n\t\t\t\t<\/div>\n\t\t\t\t<div  class=\"ms-slide\" data-delay=\"3\" data-fill-mode=\"fill\"  >\n\t\t\t\t\t<img src=\"http:\/\/remunomex.uas.edu.mx\/wp-content\/plugins\/master-slider\/public\/assets\/css\/blank.gif\" alt=\"\" title=\"\" data-src=\"http:\/\/remunomex.uas.edu.mx\/wp-content\/uploads\/2017\/08\/Museo-Historico-Aldama-5.jpg\" \/>\n\n\n\t<div class=\"ms-thumb\" ><div class=\"ms-tab-context\"><div class=&quot;ms-tab-context&quot;><\/div><\/div>\n<\/div>\n\t\t\t\t<\/div>\n\t\t\t\t<div  class=\"ms-slide\" data-delay=\"3\" data-fill-mode=\"fill\"  >\n\t\t\t\t\t<img src=\"http:\/\/remunomex.uas.edu.mx\/wp-content\/plugins\/master-slider\/public\/assets\/css\/blank.gif\" alt=\"\" title=\"\" data-src=\"http:\/\/remunomex.uas.edu.mx\/wp-content\/uploads\/2017\/08\/Museo-Historico-Aldama-6.jpg\" \/>\n\n\n\t<div class=\"ms-thumb\" ><div class=\"ms-tab-context\"><div class=&quot;ms-tab-context&quot;><\/div><\/div>\n<\/div>\n\t\t\t\t<\/div>\n\t\t\t\t<div  class=\"ms-slide\" data-delay=\"3\" data-fill-mode=\"fill\"  >\n\t\t\t\t\t<img src=\"http:\/\/remunomex.uas.edu.mx\/wp-content\/plugins\/master-slider\/public\/assets\/css\/blank.gif\" alt=\"\" title=\"\" data-src=\"http:\/\/remunomex.uas.edu.mx\/wp-content\/uploads\/2017\/08\/Museo-Historico-Aldama-4.jpg\" \/>\n\n\n\t<div class=\"ms-thumb\" ><div class=\"ms-tab-context\"><div class=&quot;ms-tab-context&quot;><\/div><\/div>\n<\/div>\n\t\t\t\t<\/div>\n\n\t\t\t<\/div>\n\t\t\t<!-- END MasterSlider Main -->\n\n\t\t\t \n\t\t<\/div>\n\t\t<!-- END MasterSlider -->\n\n\t\t<script>\n\t\t(function ( $ ) {\n\t\t\t\"use strict\";\n\n\t\t\t$(function () {\n\t\t\t\tvar masterslider_8f52 = new MasterSlider();\n\n\t\t\t\t\/\/ slider controls\n\t\t\t\tmasterslider_8f52.control('arrows'     ,{ autohide:true, overVideo:true  });\t\t\t\tmasterslider_8f52.control('bullets'    ,{ autohide:false, overVideo:true, dir:'h', align:'bottom' , margin:10  });\n\n\t\t\t\tmasterslider_8f52.control('scrollbar'  ,{ autohide:true, overVideo:true, dir:'h', inset:true, align:'top', color:'#404040' , margin:10  , width:4 });\n\t\t\t\t\/\/ slider setup\n\t\t\t\tmasterslider_8f52.setup(\"MS69f1885418f52\", {\n\t\t\t\t\t\twidth           : 800,\n\t\t\t\t\t\theight          : 480,\n\t\t\t\t\t\tminHeight       : 0,\n\t\t\t\t\t\tspace           : 0,\n\t\t\t\t\t\tstart           : 1,\n\t\t\t\t\t\tgrabCursor      : true,\n\t\t\t\t\t\tswipe           : true,\n\t\t\t\t\t\tmouse           : true,\n\t\t\t\t\t\tlayout          : \"boxed\",\n\t\t\t\t\t\twheel           : false,\n\t\t\t\t\t\tautoplay        : false,\n\t\t\t\t\t\tinstantStartLayers:false,\n\t\t\t\t\t\tloop            : false,\n\t\t\t\t\t\tshuffle         : false,\n\t\t\t\t\t\tpreload         : 0,\n\t\t\t\t\t\theightLimit     : true,\n\t\t\t\t\t\tautoHeight      : false,\n\t\t\t\t\t\tsmoothHeight    : true,\n\t\t\t\t\t\tendPause        : false,\n\t\t\t\t\t\toverPause       : true,\n\t\t\t\t\t\tfillMode        : \"fill\",\n\t\t\t\t\t\tcenterControls  : false,\n\t\t\t\t\t\tstartOnAppear   : false,\n\t\t\t\t\t\tlayersMode      : \"center\",\n\t\t\t\t\t\thideLayers      : false,\n\t\t\t\t\t\tfullscreenMargin: 0,\n\t\t\t\t\t\tspeed           : 20,\n\t\t\t\t\t\tdir             : \"h\",\n\t\t\t\t\t\tparallaxMode    : 'swipe',\n\t\t\t\t\t\tview            : \"basic\"\n\t\t\t\t});\n\n\t\t\t\t\n\t\t\t\twindow.masterslider_instances = window.masterslider_instances || [];\n\t\t\t\twindow.masterslider_instances.push( masterslider_8f52 );\n\t\t\t });\n\n\t\t})(jQuery);\n\t\t<\/script>\n\n\n<hr \/>\n<div><strong>Direcci\u00f3n<br \/>\n<\/strong>Calle Arturo Norte S\/N entre Constituci\u00f3n y Ju\u00e1rez<br \/>\nCol. Centro, C.P.\u00a032910<br \/>\nCasa de la cultura<br \/>\nAldama, Chihuahua<\/div>\n<p><iframe loading=\"lazy\" style=\"border: 0;\" src=\"https:\/\/www.google.com\/maps\/embed?pb=!1m14!1m8!1m3!1d218.44081346004444!2d-105.91224071923443!3d28.837281592007177!3m2!1i1024!2i768!4f13.1!3m3!1m2!1s0x0%3A0x3cf15a14814b8a05!2sCasa+de+la+Cultura!5e0!3m2!1ses!2sus!4v1501993230643\" width=\"350\" height=\"300\" frameborder=\"0\" allowfullscreen=\"allowfullscreen\"><\/iframe><\/p>\n<p><strong>Informaci\u00f3n de la direcci\u00f3n del museo<\/strong><\/p>\n<p><img loading=\"lazy\" class=\"alignnone wp-image-1287\" src=\"http:\/\/remunomex.uas.edu.mx\/wp-content\/uploads\/2019\/01\/aldamachihua-300x203.jpg\" alt=\"\" width=\"278\" height=\"188\" srcset=\"http:\/\/remunomex.uas.edu.mx\/wp-content\/uploads\/2019\/01\/aldamachihua-300x203.jpg 300w, http:\/\/remunomex.uas.edu.mx\/wp-content\/uploads\/2019\/01\/aldamachihua.jpg 640w\" sizes=\"(max-width: 278px) 100vw, 278px\" \/>\u00a0<img loading=\"lazy\" class=\"\" src=\"https:\/\/www.mexicoenfotos.com\/MX12182493945484.jpg\" alt=\"Imagen relacionada\" width=\"242\" height=\"181\" \/>\u00a0<img loading=\"lazy\" class=\"\" src=\"https:\/\/upload.wikimedia.org\/wikipedia\/commons\/1\/12\/Casa_de_la_Cultura_-_Aldama%2C_Chihuahua.JPG\" alt=\"Imagen relacionada\" width=\"234\" height=\"175\" \/><\/p>\n<div style=\"text-align: justify;\">Durante todo el\u00a0Siglo XIX\u00a0Aldama fue una peque\u00f1a poblaci\u00f3n dedicada fundamentalmente a la agricultura, la construcci\u00f3n del\u00a0Ferrocarril Chihuahua al Pac\u00edfico, que la comunic\u00f3 con\u00a0Ojinaga\u00a0y con Chihuahua mejor\u00f3 la econom\u00eda de la poblaci\u00f3n. En la\u00a0Revoluci\u00f3n mexicana, el 1 de abril de 1911 tuvo lugar un combate entre revolucionarios maderistas y 400 soldados de la guarnici\u00f3n del\u00a0Ej\u00e9rcito mexicano, siendo derrotadas las fuerzas revolucionarias y muerto su jefe,\u00a0Francisco Portillo.<\/div>\n<p>&nbsp;<\/p>\n<div><strong>Tel\u00e9fono<\/strong>: (614) 1-57-27-50<\/div>\n<p>&nbsp;<\/p>\n<div><strong>Horario<\/strong><br \/>\nDe 9 a.m. a 3 p.m. de Lunes a Viernes y fin de semana si lo solicitan.<\/div>\n<p>&nbsp;<\/p>\n<div><strong>Datos generales<\/strong><br \/>\nHistoria de la comunidad y los productos propios de la regi\u00f3n como membrillo y nuez principalmente.<br \/>\nAdem\u00e1s de objetos y fotograf\u00edas de habitantes de la comunidad.<\/div>\n<p>&nbsp;<\/p>\n<div><strong>Redes sociales<\/strong><\/div>\n<div style=\"text-align: left;\">Facebook: <a href=\"https:\/\/www.facebook.com\/museo.aldama?hc_ref=ARQRBs_Yj1y1dgMsjbinYyxhERPDafplrNTIPqjfWuXFJbz_sOwlnDiAShHrVGqs_3M&amp;fref=nf\" data-hovercard=\"\/ajax\/hovercard\/user.php?id=100000875771051&amp;extragetparams=%7B%22hc_ref%22%3A%22ARQRBs_Yj1y1dgMsjbinYyxhERPDafplrNTIPqjfWuXFJbz_sOwlnDiAShHrVGqs_3M%22%2C%22fref%22%3A%22nf%22%7D\" data-hovercard-prefer-more-content-show=\"1\" data-hovercard-referer=\"ARQRBs_Yj1y1dgMsjbinYyxhERPDafplrNTIPqjfWuXFJbz_sOwlnDiAShHrVGqs_3M\" aria-controls=\"js_5gz\" aria-haspopup=\"true\" aria-describedby=\"js_5h0\">Museo Hist\u00f3rico Aldama<\/a><br \/>\n<a id=\"js_5h1\" href=\"https:\/\/www.facebook.com\/museo.aldama?hc_ref=ARQRBs_Yj1y1dgMsjbinYyxhERPDafplrNTIPqjfWuXFJbz_sOwlnDiAShHrVGqs_3M&amp;fref=nf\" data-hovercard=\"\/ajax\/hovercard\/user.php?id=100000875771051&amp;extragetparams=%7B%22hc_ref%22%3A%22ARQRBs_Yj1y1dgMsjbinYyxhERPDafplrNTIPqjfWuXFJbz_sOwlnDiAShHrVGqs_3M%22%2C%22fref%22%3A%22nf%22%7D\" data-hovercard-prefer-more-content-show=\"1\" data-hovercard-referer=\"ARQRBs_Yj1y1dgMsjbinYyxhERPDafplrNTIPqjfWuXFJbz_sOwlnDiAShHrVGqs_3M\" aria-controls=\"js_5gz\" aria-haspopup=\"true\" aria-describedby=\"js_5h0\"><\/a><\/div>\n<hr \/>\n<h3 style=\"text-align: center;\">Responsable del Museo<\/h3>\n<div style=\"text-align: center;\">Rosa Mar\u00eda Silva Acosta<\/div>\n","protected":false},"excerpt":{"rendered":"<p>Direcci\u00f3n Calle Arturo Norte S\/N entre Constituci\u00f3n y Ju\u00e1rez Col. Centro, C.P.\u00a032910 Casa de la cultura Aldama, Chihuahua Informaci\u00f3n de<\/p>\n","protected":false},"author":1,"featured_media":0,"parent":0,"menu_order":0,"comment_status":"closed","ping_status":"closed","template":"","meta":[],"_links":{"self":[{"href":"http:\/\/remunomex.uas.edu.mx\/index.php\/wp-json\/wp\/v2\/pages\/154"}],"collection":[{"href":"http:\/\/remunomex.uas.edu.mx\/index.php\/wp-json\/wp\/v2\/pages"}],"about":[{"href":"http:\/\/remunomex.uas.edu.mx\/index.php\/wp-json\/wp\/v2\/types\/page"}],"author":[{"embeddable":true,"href":"http:\/\/remunomex.uas.edu.mx\/index.php\/wp-json\/wp\/v2\/users\/1"}],"replies":[{"embeddable":true,"href":"http:\/\/remunomex.uas.edu.mx\/index.php\/wp-json\/wp\/v2\/comments?post=154"}],"version-history":[{"count":23,"href":"http:\/\/remunomex.uas.edu.mx\/index.php\/wp-json\/wp\/v2\/pages\/154\/revisions"}],"predecessor-version":[{"id":1288,"href":"http:\/\/remunomex.uas.edu.mx\/index.php\/wp-json\/wp\/v2\/pages\/154\/revisions\/1288"}],"wp:attachment":[{"href":"http:\/\/remunomex.uas.edu.mx\/index.php\/wp-json\/wp\/v2\/media?parent=154"}],"curies":[{"name":"wp","href":"https:\/\/api.w.org\/{rel}","templated":true}]}}