{"id":161,"date":"2017-06-25T04:54:42","date_gmt":"2017-06-25T04:54:42","guid":{"rendered":"http:\/\/remunomex.uas.edu.mx\/?page_id=161"},"modified":"2019-01-03T22:40:35","modified_gmt":"2019-01-03T22:40:35","slug":"museo-toribio-ortega","status":"publish","type":"page","link":"http:\/\/remunomex.uas.edu.mx\/index.php\/museo-toribio-ortega\/","title":{"rendered":"MUSEO TORIBIO ORTEGA"},"content":{"rendered":"\n\t\t<!-- MasterSlider -->\n\t\t<div id=\"P_MS69dfb8670e040\" class=\"master-slider-parent msl ms-parent-id-13\" style=\"max-width:945px;\">\n\n\t\t\t\n\t\t\t<!-- MasterSlider Main -->\n\t\t\t<div id=\"MS69dfb8670e040\" class=\"master-slider ms-skin-light-6 round-skin\" >\n\t\t\t\t \t\t\t\t \n\t\t\t\t<div  class=\"ms-slide\" data-delay=\"3\" data-fill-mode=\"center\"  >\n\t\t\t\t\t<img src=\"http:\/\/remunomex.uas.edu.mx\/wp-content\/plugins\/master-slider\/public\/assets\/css\/blank.gif\" alt=\"\" title=\"\" data-src=\"http:\/\/remunomex.uas.edu.mx\/wp-content\/uploads\/2017\/08\/Museo-Toribio-Ortega-1.jpg\" \/>\n\n\n\t<div class=\"ms-thumb\" ><div class=\"ms-tab-context\"><div class=&quot;ms-tab-context&quot;><\/div><\/div>\n<\/div>\n\t\t\t\t<\/div>\n\t\t\t\t<div  class=\"ms-slide\" data-delay=\"3\" data-fill-mode=\"fit\"  >\n\t\t\t\t\t<img src=\"http:\/\/remunomex.uas.edu.mx\/wp-content\/plugins\/master-slider\/public\/assets\/css\/blank.gif\" alt=\"\" title=\"\" data-src=\"http:\/\/remunomex.uas.edu.mx\/wp-content\/uploads\/2017\/08\/Museo-Toribio-Ortega-2.jpg\" \/>\n\n\n\t<div class=\"ms-thumb\" ><div class=\"ms-tab-context\"><div class=&quot;ms-tab-context&quot;><\/div><\/div>\n<\/div>\n\t\t\t\t<\/div>\n\n\t\t\t<\/div>\n\t\t\t<!-- END MasterSlider Main -->\n\n\t\t\t \n\t\t<\/div>\n\t\t<!-- END MasterSlider -->\n\n\t\t<script>\n\t\t(function ( $ ) {\n\t\t\t\"use strict\";\n\n\t\t\t$(function () {\n\t\t\t\tvar masterslider_e040 = new MasterSlider();\n\n\t\t\t\t\/\/ slider controls\n\t\t\t\tmasterslider_e040.control('arrows'     ,{ autohide:true, overVideo:true  });\t\t\t\tmasterslider_e040.control('bullets'    ,{ autohide:false, overVideo:true, dir:'h', align:'bottom' , margin:10  });\n\n\t\t\t\tmasterslider_e040.control('scrollbar'  ,{ autohide:true, overVideo:true, dir:'h', inset:true, align:'top', color:'#404040' , margin:10  , width:4 });\n\t\t\t\t\/\/ slider setup\n\t\t\t\tmasterslider_e040.setup(\"MS69dfb8670e040\", {\n\t\t\t\t\t\twidth           : 800,\n\t\t\t\t\t\theight          : 480,\n\t\t\t\t\t\tminHeight       : 0,\n\t\t\t\t\t\tspace           : 0,\n\t\t\t\t\t\tstart           : 1,\n\t\t\t\t\t\tgrabCursor      : true,\n\t\t\t\t\t\tswipe           : true,\n\t\t\t\t\t\tmouse           : true,\n\t\t\t\t\t\tlayout          : \"boxed\",\n\t\t\t\t\t\twheel           : false,\n\t\t\t\t\t\tautoplay        : false,\n\t\t\t\t\t\tinstantStartLayers:false,\n\t\t\t\t\t\tloop            : false,\n\t\t\t\t\t\tshuffle         : false,\n\t\t\t\t\t\tpreload         : 0,\n\t\t\t\t\t\theightLimit     : true,\n\t\t\t\t\t\tautoHeight      : false,\n\t\t\t\t\t\tsmoothHeight    : true,\n\t\t\t\t\t\tendPause        : false,\n\t\t\t\t\t\toverPause       : true,\n\t\t\t\t\t\tfillMode        : \"fill\",\n\t\t\t\t\t\tcenterControls  : false,\n\t\t\t\t\t\tstartOnAppear   : false,\n\t\t\t\t\t\tlayersMode      : \"center\",\n\t\t\t\t\t\thideLayers      : false,\n\t\t\t\t\t\tfullscreenMargin: 0,\n\t\t\t\t\t\tspeed           : 20,\n\t\t\t\t\t\tdir             : \"h\",\n\t\t\t\t\t\tparallaxMode    : 'swipe',\n\t\t\t\t\t\tview            : \"basic\"\n\t\t\t\t});\n\n\t\t\t\t\n\t\t\t\twindow.masterslider_instances = window.masterslider_instances || [];\n\t\t\t\twindow.masterslider_instances.push( masterslider_e040 );\n\t\t\t });\n\n\t\t})(jQuery);\n\t\t<\/script>\n\n\n<hr \/>\n<div id=\"informacion\"><strong>Direcci\u00f3n<\/strong><br \/>\nDomicilio conocido S\/N<br \/>\nZona Centro, C.P. 32850<br \/>\nCoyame, Chihuahua<\/div>\n<p><iframe loading=\"lazy\" style=\"border: 0;\" src=\"https:\/\/www.google.com\/maps\/embed?pb=!1m14!1m8!1m3!1d2921.1844049706356!2d-105.09744597667105!3d29.461126523928982!3m2!1i1024!2i768!4f13.1!3m3!1m2!1s0x0%3A0x3ec3c634614d0950!2sMunicipio+de+Coyame!5e0!3m2!1ses!2sus!4v1502164454522\" width=\"350\" height=\"300\" frameborder=\"0\" allowfullscreen=\"allowfullscreen\"><\/iframe><br \/>\n<strong>Informaci\u00f3n de la direcci\u00f3n del museo<\/strong><\/p>\n<p><img loading=\"lazy\" class=\"\" src=\"http:\/\/chihuahuanoticias.com\/wp-content\/uploads\/2017\/07\/dfs9.jpg\" alt=\"Resultado de imagen para coyame chihuahua\" width=\"266\" height=\"177\" \/>\u00a0<img loading=\"lazy\" class=\"\" src=\"http:\/\/3.bp.blogspot.com\/-Mhl3zvtCvdg\/UqX6wtJl0VI\/AAAAAAAAej0\/OPFYyqePSxI\/s640\/grutas_coyame_chihuahua_mexico.jpg\" alt=\"Resultado de imagen para coyame chihuahua\" width=\"274\" height=\"177\" \/>\u00a0<img loading=\"lazy\" class=\"\" src=\"https:\/\/c1.staticflickr.com\/5\/4064\/4210204028_d06ea98772_b.jpg\" alt=\"Imagen relacionada\" width=\"236\" height=\"177\" \/><\/p>\n<div style=\"text-align: justify;\">Coyame es una peque\u00f1a comunidad del desierto, el Conteo de Poblaci\u00f3n y Vivienda de\u00a02005\u00a0dio como resultado que cuenta con una poblaci\u00f3n de 709 habitantes, la principal v\u00eda de comunicaci\u00f3n de la localidad es la\u00a0Carretera Federal 16, que la comunica con\u00a0Chihuahua\u00a0y\u00a0Aldama\u00a0al suroeste, y con\u00a0Ojinaga\u00a0al noroeste, las principales actividades econ\u00f3micas provienen de su condici\u00f3n de localidad de paso de esta carretera, sin embargo se ha intentado diversificarla explot\u00e1ndo principalmente el turismo, con el desarrollo como atractivo de unas cercanas\u00a0grutas\u00a0que son conocidas por sus hermosas formaciones rocosas y de cristales en su interior, y que son conocidas como las\u00a0Grutas de Coyame.<\/div>\n<p>&nbsp;<\/p>\n<div><strong>Tel\u00e9fono<\/strong>: (614) 141-81-08<\/div>\n<p>&nbsp;<\/p>\n<div><strong>Horario<br \/>\n<\/strong>Martes a Domingo de 9 a.m. a 12 p.m. y de 3 p.m. a 5 p.m.<\/div>\n<p>&nbsp;<\/p>\n<div><strong>Datos generales<\/strong><br \/>\nEl edificio donde se ubica el Museo del General Toribio Ortega y la Biblioteca P\u00fablica fue restaurado por la Fundaci\u00f3n del Empresariado Chihuahuense en coordinaci\u00f3n con la Oficina de Desarrollo Municipal del Gobierno del Estado y la Presidencia Municipal de Coyame. Para la museograf\u00eda y el mobiliario se cont\u00f3 con apoyo del PACMYC, mientras que la biblioteca recibi\u00f3 la donaci\u00f3n de libros, y anaqueles por parte de la Direcci\u00f3n General de Bibliotecas.<br \/>\nEste museo est\u00e1 dedicado a la Revoluci\u00f3n Mexicana y a la memoria del general revolucionario Toribio Ortega, iniciador el movimiento armado seis d\u00edas antes de la fecha proclamada por Francisco I. Madero. Tiene por objeto la recuperaci\u00f3n de elementos culturales propios de la vida en el desierto, como son la producci\u00f3n de sotol, la elaboraci\u00f3n de sogas y cuerdas con fibra de la lechuguilla, la elaboraci\u00f3n de pinole de mezquite y el cultivo de la candelilla para la extracci\u00f3n de cera y la elaboraci\u00f3n de veladoras. Su acervo consiste en fotograf\u00edas de la \u00e9poca, objetos y documentos antiguos, entre los que destaca una b\u00e1scula que fuera de la tienda de Toribio Ortega.<\/div>\n<p>&nbsp;<\/p>\n<div><strong>Servicios<br \/>\n<\/strong>Eventos especiales:<br \/>\nAniversario del movimiento encabezado por Toribio Ortega, cada 14 de noviembre acuden representantes del gobierno del estado y autoridades de la cultura.<\/div>\n<p>&nbsp;<\/p>\n<div><strong>Fecha de fundaci\u00f3n<\/strong><br \/>\n14 de Noviembre de 1999.<\/div>\n<div>\n<hr \/>\n<h3 style=\"text-align: center;\">Responsable del Museo<\/h3>\n<div style=\"text-align: center;\">Berenice Uribe Nieto<\/div>\n<\/div>\n","protected":false},"excerpt":{"rendered":"<p>Direcci\u00f3n Domicilio conocido S\/N Zona Centro, C.P. 32850 Coyame, Chihuahua Informaci\u00f3n de la direcci\u00f3n del museo \u00a0\u00a0 Coyame es una<\/p>\n","protected":false},"author":1,"featured_media":0,"parent":0,"menu_order":0,"comment_status":"closed","ping_status":"closed","template":"","meta":[],"_links":{"self":[{"href":"http:\/\/remunomex.uas.edu.mx\/index.php\/wp-json\/wp\/v2\/pages\/161"}],"collection":[{"href":"http:\/\/remunomex.uas.edu.mx\/index.php\/wp-json\/wp\/v2\/pages"}],"about":[{"href":"http:\/\/remunomex.uas.edu.mx\/index.php\/wp-json\/wp\/v2\/types\/page"}],"author":[{"embeddable":true,"href":"http:\/\/remunomex.uas.edu.mx\/index.php\/wp-json\/wp\/v2\/users\/1"}],"replies":[{"embeddable":true,"href":"http:\/\/remunomex.uas.edu.mx\/index.php\/wp-json\/wp\/v2\/comments?post=161"}],"version-history":[{"count":7,"href":"http:\/\/remunomex.uas.edu.mx\/index.php\/wp-json\/wp\/v2\/pages\/161\/revisions"}],"predecessor-version":[{"id":1360,"href":"http:\/\/remunomex.uas.edu.mx\/index.php\/wp-json\/wp\/v2\/pages\/161\/revisions\/1360"}],"wp:attachment":[{"href":"http:\/\/remunomex.uas.edu.mx\/index.php\/wp-json\/wp\/v2\/media?parent=161"}],"curies":[{"name":"wp","href":"https:\/\/api.w.org\/{rel}","templated":true}]}}