{"id":555,"date":"2017-07-15T06:06:16","date_gmt":"2017-07-15T06:06:16","guid":{"rendered":"http:\/\/remunomex.uas.edu.mx\/?page_id=555"},"modified":"2019-03-02T23:49:37","modified_gmt":"2019-03-02T23:49:37","slug":"zacatecas","status":"publish","type":"page","link":"http:\/\/remunomex.uas.edu.mx\/index.php\/zacatecas\/","title":{"rendered":"Zacatecas"},"content":{"rendered":"<h1>MUSEOS DE ZACATECAS<\/h1>\n<div style=\"text-align: justify;\">El nombre de Zacatecas proviene del n\u00e1huatl zacatl, zacate y co, lugar: \u00ablugar donde abunda el zacate\u00bb. Se localiza en la regi\u00f3n centro-norte de la Rep\u00fablica y tiene como vecinos a Coahuila, San Luis Potos\u00ed, Aguascalientes, Jalisco y Durango. El estado de Zacatecas ofrece cultura en interesantes museos, paseos en telef\u00e9rico al cerro de La Bufa, minas acondicionadas para la vista, pueblos donde se aprecia el trabajo de los zacatecanos y bellas ciudades como Jerez, Fresnillo y Sombrerete, entre muchos otros.<\/div>\n<ul>\n<li><a href=\"http:\/\/remunomex.uas.edu.mx\/wp-content\/uploads\/2019\/03\/ZACATECAS.pdf\">Da clic aqu\u00ed para conocer m\u00e1s sobre Zacatecas<\/a><\/li>\n<\/ul>\n<p><iframe loading=\"lazy\" src=\"https:\/\/www.youtube.com\/embed\/LVIz2gZ7Qt8\" width=\"560\" height=\"315\" frameborder=\"0\" allowfullscreen=\"allowfullscreen\"><\/iframe><\/p>\n<ul>\n<li><a href=\"http:\/\/remunomex.uas.edu.mx\/index.php\/museo-arturo-reyes-viramontes\/\">MUSEO ARTURO REYES VIRAMONTES<\/a><\/li>\n<li><a href=\"http:\/\/remunomex.uas.edu.mx\/index.php\/museo-buenavista-de-buenavista\/\">MUSEO BUENAVISTA DE BUENAVISTA<\/a><\/li>\n<li><a href=\"http:\/\/remunomex.uas.edu.mx\/index.php\/__trashed-4\/\">MUSEO CHEPINQUE DE OJO CALIENTE<\/a><\/li>\n<li><a href=\"http:\/\/remunomex.uas.edu.mx\/index.php\/museo-el-plateado\/\">MUSEO EL PLATEADO<\/a><\/li>\n<li><a href=\"http:\/\/remunomex.uas.edu.mx\/index.php\/museo-iv-centenario-de-pinos\/\">MUSEO\u00a0 IV CENTENARIO DE PINOS<\/a><\/li>\n<li><a href=\"http:\/\/remunomex.uas.edu.mx\/index.php\/museo-las-lajas\/\">MUSEO LAS LAJAS<\/a><\/li>\n<li><a href=\"http:\/\/remunomex.uas.edu.mx\/index.php\/museo-valparaiso\/\">MUSEO VALPARAISO<\/a><\/li>\n<\/ul>\n","protected":false},"excerpt":{"rendered":"<p>MUSEOS DE ZACATECAS El nombre de Zacatecas proviene del n\u00e1huatl zacatl, zacate y co, lugar: \u00ablugar donde abunda el zacate\u00bb.<\/p>\n","protected":false},"author":1,"featured_media":0,"parent":0,"menu_order":0,"comment_status":"closed","ping_status":"closed","template":"","meta":[],"_links":{"self":[{"href":"http:\/\/remunomex.uas.edu.mx\/index.php\/wp-json\/wp\/v2\/pages\/555"}],"collection":[{"href":"http:\/\/remunomex.uas.edu.mx\/index.php\/wp-json\/wp\/v2\/pages"}],"about":[{"href":"http:\/\/remunomex.uas.edu.mx\/index.php\/wp-json\/wp\/v2\/types\/page"}],"author":[{"embeddable":true,"href":"http:\/\/remunomex.uas.edu.mx\/index.php\/wp-json\/wp\/v2\/users\/1"}],"replies":[{"embeddable":true,"href":"http:\/\/remunomex.uas.edu.mx\/index.php\/wp-json\/wp\/v2\/comments?post=555"}],"version-history":[{"count":7,"href":"http:\/\/remunomex.uas.edu.mx\/index.php\/wp-json\/wp\/v2\/pages\/555\/revisions"}],"predecessor-version":[{"id":1395,"href":"http:\/\/remunomex.uas.edu.mx\/index.php\/wp-json\/wp\/v2\/pages\/555\/revisions\/1395"}],"wp:attachment":[{"href":"http:\/\/remunomex.uas.edu.mx\/index.php\/wp-json\/wp\/v2\/media?parent=555"}],"curies":[{"name":"wp","href":"https:\/\/api.w.org\/{rel}","templated":true}]}}