{"id":94,"date":"2017-06-28T00:28:52","date_gmt":"2017-06-28T00:28:52","guid":{"rendered":"http:\/\/remunomex.uas.edu.mx\/?page_id=94"},"modified":"2019-01-03T20:03:10","modified_gmt":"2019-01-03T20:03:10","slug":"museo-del-ejidatario","status":"publish","type":"page","link":"http:\/\/remunomex.uas.edu.mx\/index.php\/museo-del-ejidatario\/","title":{"rendered":"MUSEO DEL EJIDATARIO"},"content":{"rendered":"\n\t\t<!-- MasterSlider -->\n\t\t<div id=\"P_MS6a04a454de63e\" class=\"master-slider-parent msl ms-parent-id-28\" style=\"max-width:945px;\">\n\n\t\t\t\n\t\t\t<!-- MasterSlider Main -->\n\t\t\t<div id=\"MS6a04a454de63e\" class=\"master-slider ms-skin-light-6 round-skin\" >\n\t\t\t\t \t\t\t\t \n\t\t\t\t<div  class=\"ms-slide\" data-delay=\"3\" data-fill-mode=\"fill\"  >\n\t\t\t\t\t<img src=\"http:\/\/remunomex.uas.edu.mx\/wp-content\/plugins\/master-slider\/public\/assets\/css\/blank.gif\" alt=\"\" title=\"\" data-src=\"http:\/\/remunomex.uas.edu.mx\/wp-content\/uploads\/2017\/08\/MUSEO-DEL-EJIDATARIO-6.jpg\" \/>\n\n\n\t<div class=\"ms-thumb\" ><div class=\"ms-tab-context\"><div class=&quot;ms-tab-context&quot;><\/div><\/div>\n<\/div>\n\t\t\t\t<\/div>\n\t\t\t\t<div  class=\"ms-slide\" data-delay=\"3\" data-fill-mode=\"fill\"  >\n\t\t\t\t\t<img src=\"http:\/\/remunomex.uas.edu.mx\/wp-content\/plugins\/master-slider\/public\/assets\/css\/blank.gif\" alt=\"\" title=\"\" data-src=\"http:\/\/remunomex.uas.edu.mx\/wp-content\/uploads\/2017\/08\/MUSEO-DEL-EJIDATARIO-8.jpg\" \/>\n\n\n\t<div class=\"ms-thumb\" ><div class=\"ms-tab-context\"><div class=&quot;ms-tab-context&quot;><\/div><\/div>\n<\/div>\n\t\t\t\t<\/div>\n\t\t\t\t<div  class=\"ms-slide\" data-delay=\"3\" data-fill-mode=\"fill\"  >\n\t\t\t\t\t<img src=\"http:\/\/remunomex.uas.edu.mx\/wp-content\/plugins\/master-slider\/public\/assets\/css\/blank.gif\" alt=\"\" title=\"\" data-src=\"http:\/\/remunomex.uas.edu.mx\/wp-content\/uploads\/2017\/08\/MUSEO-DEL-EJIDATARIO-1.jpg\" \/>\n\n\n\t<div class=\"ms-thumb\" ><div class=\"ms-tab-context\"><div class=&quot;ms-tab-context&quot;><\/div><\/div>\n<\/div>\n\t\t\t\t<\/div>\n\t\t\t\t<div  class=\"ms-slide\" data-delay=\"3\" data-fill-mode=\"fill\"  >\n\t\t\t\t\t<img src=\"http:\/\/remunomex.uas.edu.mx\/wp-content\/plugins\/master-slider\/public\/assets\/css\/blank.gif\" alt=\"\" title=\"\" data-src=\"http:\/\/remunomex.uas.edu.mx\/wp-content\/uploads\/2017\/08\/MUSEO-DEL-EJIDATARIO-3.jpg\" \/>\n\n\n\t<div class=\"ms-thumb\" ><div class=\"ms-tab-context\"><div class=&quot;ms-tab-context&quot;><\/div><\/div>\n<\/div>\n\t\t\t\t<\/div>\n\t\t\t\t<div  class=\"ms-slide\" data-delay=\"3\" data-fill-mode=\"fill\"  >\n\t\t\t\t\t<img src=\"http:\/\/remunomex.uas.edu.mx\/wp-content\/plugins\/master-slider\/public\/assets\/css\/blank.gif\" alt=\"\" title=\"\" data-src=\"http:\/\/remunomex.uas.edu.mx\/wp-content\/uploads\/2017\/08\/MUSEO-DEL-EJIDATARIO-2.jpg\" \/>\n\n\n\t<div class=\"ms-thumb\" ><div class=\"ms-tab-context\"><div class=&quot;ms-tab-context&quot;><\/div><\/div>\n<\/div>\n\t\t\t\t<\/div>\n\t\t\t\t<div  class=\"ms-slide\" data-delay=\"3\" data-fill-mode=\"fill\"  >\n\t\t\t\t\t<img src=\"http:\/\/remunomex.uas.edu.mx\/wp-content\/plugins\/master-slider\/public\/assets\/css\/blank.gif\" alt=\"\" title=\"\" data-src=\"http:\/\/remunomex.uas.edu.mx\/wp-content\/uploads\/2017\/08\/MUSEO-DEL-EJIDATARIO-4.jpg\" \/>\n\n\n\t<div class=\"ms-thumb\" ><div class=\"ms-tab-context\"><div class=&quot;ms-tab-context&quot;><\/div><\/div>\n<\/div>\n\t\t\t\t<\/div>\n\t\t\t\t<div  class=\"ms-slide\" data-delay=\"3\" data-fill-mode=\"fit\"  >\n\t\t\t\t\t<img src=\"http:\/\/remunomex.uas.edu.mx\/wp-content\/plugins\/master-slider\/public\/assets\/css\/blank.gif\" alt=\"\" title=\"\" data-src=\"http:\/\/remunomex.uas.edu.mx\/wp-content\/uploads\/2017\/08\/MUSEO-DEL-EJIDATARIO-5.jpg\" \/>\n\n\n\t<div class=\"ms-thumb\" ><div class=\"ms-tab-context\"><div class=&quot;ms-tab-context&quot;><\/div><\/div>\n<\/div>\n\t\t\t\t<\/div>\n\n\t\t\t<\/div>\n\t\t\t<!-- END MasterSlider Main -->\n\n\t\t\t \n\t\t<\/div>\n\t\t<!-- END MasterSlider -->\n\n\t\t<script>\n\t\t(function ( $ ) {\n\t\t\t\"use strict\";\n\n\t\t\t$(function () {\n\t\t\t\tvar masterslider_e63e = new MasterSlider();\n\n\t\t\t\t\/\/ slider controls\n\t\t\t\tmasterslider_e63e.control('arrows'     ,{ autohide:true, overVideo:true  });\t\t\t\tmasterslider_e63e.control('bullets'    ,{ autohide:false, overVideo:true, dir:'h', align:'bottom' , margin:10  });\n\n\t\t\t\tmasterslider_e63e.control('scrollbar'  ,{ autohide:true, overVideo:true, dir:'h', inset:true, align:'top', color:'#404040' , margin:10  , width:4 });\n\t\t\t\t\/\/ slider setup\n\t\t\t\tmasterslider_e63e.setup(\"MS6a04a454de63e\", {\n\t\t\t\t\t\twidth           : 800,\n\t\t\t\t\t\theight          : 480,\n\t\t\t\t\t\tminHeight       : 0,\n\t\t\t\t\t\tspace           : 0,\n\t\t\t\t\t\tstart           : 1,\n\t\t\t\t\t\tgrabCursor      : true,\n\t\t\t\t\t\tswipe           : true,\n\t\t\t\t\t\tmouse           : true,\n\t\t\t\t\t\tlayout          : \"boxed\",\n\t\t\t\t\t\twheel           : false,\n\t\t\t\t\t\tautoplay        : false,\n\t\t\t\t\t\tinstantStartLayers:false,\n\t\t\t\t\t\tloop            : false,\n\t\t\t\t\t\tshuffle         : false,\n\t\t\t\t\t\tpreload         : 0,\n\t\t\t\t\t\theightLimit     : true,\n\t\t\t\t\t\tautoHeight      : false,\n\t\t\t\t\t\tsmoothHeight    : true,\n\t\t\t\t\t\tendPause        : false,\n\t\t\t\t\t\toverPause       : true,\n\t\t\t\t\t\tfillMode        : \"fill\",\n\t\t\t\t\t\tcenterControls  : false,\n\t\t\t\t\t\tstartOnAppear   : false,\n\t\t\t\t\t\tlayersMode      : \"center\",\n\t\t\t\t\t\thideLayers      : false,\n\t\t\t\t\t\tfullscreenMargin: 0,\n\t\t\t\t\t\tspeed           : 20,\n\t\t\t\t\t\tdir             : \"h\",\n\t\t\t\t\t\tparallaxMode    : 'swipe',\n\t\t\t\t\t\tview            : \"basic\"\n\t\t\t\t});\n\n\t\t\t\t\n\t\t\t\twindow.masterslider_instances = window.masterslider_instances || [];\n\t\t\t\twindow.masterslider_instances.push( masterslider_e63e );\n\t\t\t });\n\n\t\t})(jQuery);\n\t\t<\/script>\n\n\n<hr \/>\n<div id=\"informacion\"><strong>Direcci\u00f3n<\/strong><br \/>\nCarretera que conduce a playa Las Glorias<\/div>\n<div>Entronque en puente de El Cubilete, Km. 8<\/div>\n<div>Calle V\u00edctor R. Cabanillas S\/N, junto a la plazuela<\/div>\n<div>Tamazula, Guasave, SInaloa<\/div>\n<p><iframe loading=\"lazy\" style=\"border: 0;\" src=\"https:\/\/www.google.com\/maps\/embed?pb=!1m18!1m12!1m3!1d3602.736252310826!2d-108.45357768515278!3d25.447079827762174!2m3!1f0!2f0!3f0!3m2!1i1024!2i768!4f13.1!3m3!1m2!1s0x0%3A0x0!2zMjXCsDI2JzQ5LjUiTiAxMDjCsDI3JzA1LjAiVw!5e0!3m2!1ses!2smx!4v1502331712339\" width=\"350\" height=\"300\" frameborder=\"0\" allowfullscreen=\"allowfullscreen\"><\/iframe><\/p>\n<p><strong>Informaci\u00f3n de la direcci\u00f3n del museo<\/strong><\/p>\n<p><img loading=\"lazy\" class=\"\" src=\"https:\/\/i.ytimg.com\/vi\/d8HAHRD9ITk\/hqdefault.jpg\" alt=\"Resultado de imagen para tamazula guasave sinaloa\" width=\"211\" height=\"158\" \/>\u00a0<img loading=\"lazy\" class=\"\" src=\"http:\/\/www.vmexicoalmaximo.com\/sinaloa\/img\/galleries\/guasave-g01-p03-iglesia-de-la-asntisima-concepcion.jpg\" alt=\"Resultado de imagen para tamazula guasave sinaloa\" width=\"236\" height=\"157\" \/>\u00a0<img loading=\"lazy\" class=\"\" src=\"https:\/\/media-cdn.tripadvisor.com\/media\/photo-s\/06\/1d\/5b\/64\/guasave.jpg\" alt=\"Resultado de imagen para tamazula guasave sinaloa\" width=\"235\" height=\"157\" \/><\/p>\n<div style=\"text-align: justify;\">El pueblo Tamazula se localiza en el municipio de\u00a0Guasave. Su clima predominante es seco muy c\u00e1lido, presenta una temperatura media anual de 25\u00b0 C, con m\u00e1ximas de 43\u00b0 C en verano, y m\u00ednimas de 3\u00b0 C en invierno. Su c\u00f3digo postal es 81170 y su clave lada es 687.\u00a0 Algunos de los atractivos del municipio de Guasave son su zona costera debido a la belleza de sus playas, dentro de las que se destacan \u00abBoca del R\u00edo\u00bb, \u00abBuena Vista\u00bb, \u00abLas Glorias\u00bb y \u00abIsla de Macapule\u00bb, que son ideales para el esparcimiento, nataci\u00f3n y practica de pesca. La fiesta conmemorativa del aniversario de la fundaci\u00f3n de Guasave, celebrada la \u00faltima semana de mayo, y que cuenta con feria, palenque y eventos culturales. La Expo Guasave-CANACINTRA, en donde se exhiben los productos regionales, es efectuada durante el mes de junio. Colonias que comparten el c\u00f3digo postal 81170:\u00a0poblado Cubiri (Cubiri del Amole),\u00a0rancher\u00eda Callej\u00f3n de Tamazula, pueblo Tamazula,\u00a0ejido Bebelama,\u00a0ejido Buen Retiro (El Retiro),\u00a0ejido Amole.<\/div>\n<p>&nbsp;<\/p>\n<div><strong>Tel\u00e9fono:<\/strong> (687) 121-02-10 y (687) 881-52-14<\/div>\n<p>&nbsp;<\/p>\n<div><strong>Horario<\/strong><\/div>\n<div>De Martes a Domingo de 9 a.m. a 12 p.m. y de 3 p.m. a 6 p.m.<\/div>\n<p>&nbsp;<\/p>\n<div><strong>Datos generales<\/strong><\/div>\n<p>Los temas del museo son:<\/p>\n<ul>\n<li>Piezas arqueol\u00f3gicas<\/li>\n<li>La obra del profesor Hermes Gonz\u00e1lez Maldonado<\/li>\n<li>Cocina prehisp\u00e1nica<\/li>\n<li>El profesor Nicol\u00e1s Vidales Soto<\/li>\n<li>Piezas y objetos utilizados en el pasado<\/li>\n<li>Objetos de mar<\/li>\n<li>Avances de las comunicaciones a trav\u00e9s de la tecnolog\u00eda<\/li>\n<li>Pertenencias de los grandes de Tamazula<\/li>\n<\/ul>\n<p>&nbsp;<\/p>\n<div><strong>Fecha de fundaci\u00f3n<\/strong><br \/>\n28 de diciembre de 1996.<\/div>\n<p>&nbsp;<\/p>\n<div>\n<div><strong>Redes Sociales<\/strong><\/div>\n<div>Facebook: <a href=\"https:\/\/www.facebook.com\/museodetamazulagve\/\">Museo De Tamazula<\/a><\/div>\n<div>Correo electr\u00f3nico: museodetamazula@gmail.com y\u00a0miguelbetancourt58@hotmail.com<\/div>\n<hr \/>\n<h3 style=\"text-align: center;\">Responsable del Museo<\/h3>\n<div style=\"text-align: center;\"><img loading=\"lazy\" class=\"alignnone size-medium wp-image-970\" style=\"font-size: 16px;\" src=\"http:\/\/remunomex.uas.edu.mx\/wp-content\/uploads\/2017\/06\/Responsable-de-MUSEO-DEL-EJIDATARIO-Miguel-Angel-Betancourt-264x300.jpg\" alt=\"\" width=\"264\" height=\"300\" \/><\/div>\n<div style=\"text-align: center;\">Miguel Angel Betancourt Betancourt<\/div>\n<\/div>\n","protected":false},"excerpt":{"rendered":"<p>Direcci\u00f3n Carretera que conduce a playa Las Glorias Entronque en puente de El Cubilete, Km. 8 Calle V\u00edctor R. Cabanillas<\/p>\n","protected":false},"author":1,"featured_media":0,"parent":0,"menu_order":0,"comment_status":"closed","ping_status":"closed","template":"","meta":[],"_links":{"self":[{"href":"http:\/\/remunomex.uas.edu.mx\/index.php\/wp-json\/wp\/v2\/pages\/94"}],"collection":[{"href":"http:\/\/remunomex.uas.edu.mx\/index.php\/wp-json\/wp\/v2\/pages"}],"about":[{"href":"http:\/\/remunomex.uas.edu.mx\/index.php\/wp-json\/wp\/v2\/types\/page"}],"author":[{"embeddable":true,"href":"http:\/\/remunomex.uas.edu.mx\/index.php\/wp-json\/wp\/v2\/users\/1"}],"replies":[{"embeddable":true,"href":"http:\/\/remunomex.uas.edu.mx\/index.php\/wp-json\/wp\/v2\/comments?post=94"}],"version-history":[{"count":11,"href":"http:\/\/remunomex.uas.edu.mx\/index.php\/wp-json\/wp\/v2\/pages\/94\/revisions"}],"predecessor-version":[{"id":1309,"href":"http:\/\/remunomex.uas.edu.mx\/index.php\/wp-json\/wp\/v2\/pages\/94\/revisions\/1309"}],"wp:attachment":[{"href":"http:\/\/remunomex.uas.edu.mx\/index.php\/wp-json\/wp\/v2\/media?parent=94"}],"curies":[{"name":"wp","href":"https:\/\/api.w.org\/{rel}","templated":true}]}}